{"id":74,"date":"2024-03-12T20:57:00","date_gmt":"2024-03-12T20:57:00","guid":{"rendered":"https:\/\/pccofres.com.uy\/impacta\/?page_id=74"},"modified":"2024-03-19T18:43:26","modified_gmt":"2024-03-19T18:43:26","slug":"empresa-de-alquiler-de-cofres-de-seguridad-primera-y-unica-en-su-tipo-con-su-habilitacion-definitiva-de-la-direccion-general-de-fiscalizacion-de-empresas","status":"publish","type":"page","link":"https:\/\/pccofres.com.uy\/impacta\/","title":{"rendered":"Punta Carretas Cofre fort"},"content":{"rendered":"<p>\n\n\n<div class=\"wp-block-cover alignfull\" style=\"margin-top:0;padding-top:5vw;padding-right:5vw;padding-bottom:5vw;padding-left:5vw;min-height:775px;aspect-ratio:unset;\"><span aria-hidden=\"true\" class=\"wp-block-cover__background has-ast-global-color-3-background-color has-background-dim\"><\/span><img loading=\"lazy\" decoding=\"async\" width=\"1320\" height=\"768\" class=\"wp-block-cover__image-background wp-image-337\" alt=\"\" src=\"https:\/\/pccofres.com.uy\/impacta\/wp-content\/uploads\/2024\/03\/lll.png\" data-object-fit=\"cover\" srcset=\"https:\/\/pccofres.com.uy\/impacta\/wp-content\/uploads\/2024\/03\/lll.png 1320w, https:\/\/pccofres.com.uy\/impacta\/wp-content\/uploads\/2024\/03\/lll-300x175.png 300w, https:\/\/pccofres.com.uy\/impacta\/wp-content\/uploads\/2024\/03\/lll-1024x596.png 1024w, https:\/\/pccofres.com.uy\/impacta\/wp-content\/uploads\/2024\/03\/lll-768x447.png 768w\" sizes=\"auto, (max-width: 1320px) 100vw, 1320px\" \/><div class=\"wp-block-cover__inner-container is-layout-flow wp-block-cover-is-layout-flow\">\n<div class=\"wp-block-group is-layout-flex wp-container-core-group-is-layout-e4aad5c3 wp-block-group-is-layout-flex\">\n<div class=\"wp-block-group wp-container-content-9cfa9a5a is-layout-flow wp-container-core-group-is-layout-d6743c7d wp-block-group-is-layout-flow\">\n<p><\/p>\n\n\n\n<p><\/p>\n\n\n\n<p><\/p>\n\n\n\n<p><\/p>\n<\/div>\n<\/div>\n\n\n\n<p><\/p>\n\n\n\n<div style=\"height:100px\" aria-hidden=\"true\" class=\"wp-block-spacer\"><\/div>\n\n\n\n<div class=\"wp-block-group is-layout-flex wp-container-core-group-is-layout-e4aad5c3 wp-block-group-is-layout-flex\">\n<div class=\"wp-block-group wp-container-content-9cfa9a5a is-layout-flow wp-container-core-group-is-layout-d6743c7d wp-block-group-is-layout-flow\">\n<p class=\"has-text-align-left has-white-color has-text-color\" style=\"font-size:50px;font-style:normal;font-weight:700;letter-spacing:-4px;line-height:1.1;text-transform:none\"><strong>Empresa de alquiler <\/strong><br><strong>de cofres de seguridad<\/strong><\/p>\n\n\n\n<div style=\"height:53px\" aria-hidden=\"true\" class=\"wp-block-spacer\"><\/div>\n\n\n\n<div class=\"wp-block-columns is-layout-flex wp-container-core-columns-is-layout-28f84493 wp-block-columns-is-layout-flex\">\n<div class=\"wp-block-column is-layout-flow wp-block-column-is-layout-flow\">\n<p><strong>Primera y \u00fanica en su tipo, con su habilitaci\u00f3n definitiva de la Direcci\u00f3n General de Fiscalizaci\u00f3n de Empresas.<\/strong><\/p>\n\n\n\n<p><strong>A disposici\u00f3n todos los d\u00edas de la semana durante 12 horas.<\/strong><\/p>\n<\/div>\n\n\n\n<div class=\"wp-block-column is-layout-flow wp-block-column-is-layout-flow\"><\/div>\n<\/div>\n<\/div>\n<\/div>\n<\/div><\/div>\n\n\n\n<div style=\"height:126px\" aria-hidden=\"true\" id=\"accesoycomodidad\" class=\"wp-block-spacer\"><\/div>\n\n\n\n<h2 class=\"wp-block-heading alignwide has-text-align-center\">Ubicados en un punto estrat\u00e9gico<\/h2>\n\n\n\n<div class=\"wp-block-columns alignwide is-layout-flex wp-container-core-columns-is-layout-28f84493 wp-block-columns-is-layout-flex\">\n<div class=\"wp-block-column is-layout-flow wp-block-column-is-layout-flow\">\n<p>Ubicados estrat\u00e9gicamente dentro del Punta Carretas Shopping, Punta Carretas Cofres Fort ofrece un acceso f\u00e1cil y r\u00e1pido desde cualquier punto de Montevideo.&nbsp;<\/p>\n\n\n\n<iframe loading=\"lazy\" style=\"border: 0;\" src=\"https:\/\/www.google.com\/maps\/embed?pb=!1m18!1m12!1m3!1d3271.316189320005!2d-56.160978223813466!3d-34.92360627446326!2m3!1f0!2f0!3f0!3m2!1i1024!2i768!4f13.1!3m3!1m2!1s0x959f8177e710f6e5%3A0x133f81c05a160946!2sPUNTA%20CARRETAS%20COFRES%20FORT!5e0!3m2!1ses!2ses!4v1710529327515!5m2!1ses!2ses\" width=\"600\" height=\"200\" allowfullscreen=\"allowfullscreen\"><\/iframe>\n<\/div>\n\n\n\n<div class=\"wp-block-column is-layout-flow wp-block-column-is-layout-flow\">\n<p>Un gran estacionamiento custodiado, varias puertas de acceso y la comodidad de su extenso horario.<\/p>\n\n\n\n<p>Junto a la posibilidad de disfrutar de un paseo de compra, cine o gastronom\u00eda durante su visita a nuestra empresa.&nbsp;<\/p>\n\n\n\n<p>Sin lugar a dudas&nbsp;<strong>Punta Carretas Cofres Fort&nbsp;<\/strong>ofrece la mejor opci\u00f3n para sus valores.&nbsp;<\/p>\n\n\n\n<p><\/p>\n\n\n\n<p><\/p>\n<\/div>\n<\/div>\n\n\n\n<h2 class=\"wp-block-heading alignwide has-text-align-center\">Horarios<\/h2>\n\n\n\n<p class=\"has-text-align-center\">Lunes a domingos de 10:00 a 22:00 hs.<br>\u00danico servicio de cofres que pone a su disposici\u00f3n sus valores y efectos todos los d\u00edas de la semana durante 12 horas.<\/p>\n\n\n\n<div style=\"height:30px\" aria-hidden=\"true\" class=\"wp-block-spacer\"><\/div>\n\n\n\n<div style=\"height:95px\" aria-hidden=\"true\" class=\"wp-block-spacer\"><\/div>\n\n\n\n<div class=\"wp-block-group alignwide is-layout-constrained wp-block-group-is-layout-constrained\">\n<h2 class=\"wp-block-heading alignwide has-text-align-center\">Como abrir tu cofre<\/h2>\n\n\n\n<div class=\"wp-block-columns alignwide is-layout-flex wp-container-core-columns-is-layout-d2da2050 wp-block-columns-is-layout-flex\" style=\"margin-bottom:0\">\n<div class=\"wp-block-column has-ast-global-color-3-background-color has-text-color has-background has-link-color wp-elements-30d79b1e0f1e5fa9b4392ca53737757d is-layout-flow wp-block-column-is-layout-flow\" style=\"color:#000000;padding-top:2em;padding-right:2em;padding-bottom:2em;padding-left:2em\">\n<h2 class=\"wp-block-heading has-text-align-left has-ast-global-color-4-color has-text-color has-link-color wp-elements-da13d5b33080469666535ef8358d5e2e\" style=\"font-size:35px\">1<\/h2>\n\n\n\n<h2 class=\"wp-block-heading has-text-align-left has-ast-global-color-4-color has-text-color has-link-color wp-elements-48b654758f7492aef0b7bb4d932bcb7e\" style=\"font-size:35px\">Ven\u00ed a PC Cofres Fort<\/h2>\n\n\n\n<div style=\"height:32px\" aria-hidden=\"true\" class=\"wp-block-spacer\"><\/div>\n\n\n\n<hr class=\"wp-block-separator has-text-color has-ast-global-color-4-color has-alpha-channel-opacity has-ast-global-color-4-background-color has-background is-style-wide\"\/>\n\n\n\n<p class=\"has-ast-global-color-4-color has-text-color has-link-color wp-elements-f5d4b0ad41b139de7bf6dab6709623db\">Ellauri 350, Shopping Punta Carretas<br>Primer nivel, local 149<\/p>\n<\/div>\n\n\n\n<div class=\"wp-block-column has-ast-global-color-3-background-color has-text-color has-background has-link-color wp-elements-29ba169199da363c03889b5bdb680c6c is-layout-flow wp-block-column-is-layout-flow\" style=\"color:#000000;padding-top:2em;padding-right:2em;padding-bottom:2em;padding-left:2em\">\n<h2 class=\"wp-block-heading has-text-align-left has-ast-global-color-4-color has-text-color has-link-color wp-elements-b7b88c5ec9949564ba385ec76e5fbef5\" style=\"font-size:35px\">2<\/h2>\n\n\n\n<h2 class=\"wp-block-heading has-text-align-left has-ast-global-color-4-color has-text-color has-link-color wp-elements-3fafeaeb6201c5b5e2fe6edc43061ba6\" style=\"font-size:35px\">Present\u00e1 la documentaci\u00f3n necesaria<\/h2>\n\n\n\n<p class=\"has-ast-global-color-4-color has-text-color has-link-color wp-elements-b5be9b0022782dfb977bba45c8b0337e\"><\/p>\n\n\n\n<hr class=\"wp-block-separator has-text-color has-ast-global-color-4-color has-alpha-channel-opacity has-ast-global-color-4-background-color has-background is-style-wide\"\/>\n\n\n\n<div class=\"wp-block-buttons alignfull is-horizontal is-content-justification-center is-layout-flex wp-container-core-buttons-is-layout-03627597 wp-block-buttons-is-layout-flex\">\n<div class=\"wp-block-button has-custom-width wp-block-button__width-100\"><a class=\"wp-block-button__link has-ast-global-color-3-color has-ast-global-color-5-background-color has-text-color has-background no-border-radius wp-element-button\" href=\"https:\/\/pccofres.com.uy\/impacta\/?page_id=128\">Ver documentaci\u00f3n<\/a><\/div>\n<\/div>\n<\/div>\n\n\n\n<div class=\"wp-block-column has-ast-global-color-3-background-color has-text-color has-background has-link-color wp-elements-7a4e36046790883cd02b9bf4b2f12725 is-layout-flow wp-block-column-is-layout-flow\" style=\"color:#000000;padding-top:2em;padding-right:2em;padding-bottom:2em;padding-left:2em\">\n<h2 class=\"wp-block-heading has-text-align-left has-ast-global-color-4-color has-text-color has-link-color wp-elements-ad48dbe30c93bda9b78296686555f6e9\" style=\"font-size:35px\">3<\/h2>\n\n\n\n<h2 class=\"wp-block-heading has-text-align-left has-ast-global-color-4-color has-text-color has-link-color wp-elements-f347dcbcb83b0e5d03da11406a2da02a\" style=\"font-size:35px\">Tu cofre queda abierto<\/h2>\n\n\n\n<div style=\"height:28px\" aria-hidden=\"true\" class=\"wp-block-spacer\"><\/div>\n\n\n\n<hr class=\"wp-block-separator has-text-color has-ast-global-color-4-color has-alpha-channel-opacity has-ast-global-color-4-background-color has-background is-style-wide\"\/>\n\n\n\n<p class=\"has-ast-global-color-4-color has-text-color has-link-color wp-elements-f0396d818b947122ff72ae5c406754e4\">En menos de 30 minutos procesamos la documentaci\u00f3n y tu cofre queda abierto<\/p>\n<\/div>\n<\/div>\n<\/div>\n\n\n\n<div style=\"height:126px\" aria-hidden=\"true\" id=\"precios\" class=\"wp-block-spacer\"><\/div>\n\n\n\n<h2 class=\"wp-block-heading alignwide has-text-align-center\">Precios<\/h2>\n\n\n\n<div class=\"wp-block-columns alignwide is-layout-flex wp-container-core-columns-is-layout-28f84493 wp-block-columns-is-layout-flex\">\n<div class=\"wp-block-column is-vertically-aligned-top is-layout-flow wp-block-column-is-layout-flow\" style=\"flex-basis:33.33%\">\n<figure class=\"wp-block-image size-full is-resized\"><img loading=\"lazy\" decoding=\"async\" width=\"800\" height=\"991\" src=\"https:\/\/pccofres.com.uy\/impacta\/wp-content\/uploads\/2024\/03\/cofres-medidas.png\" alt=\"\" class=\"wp-image-146\" style=\"width:287px;height:auto\" srcset=\"https:\/\/pccofres.com.uy\/impacta\/wp-content\/uploads\/2024\/03\/cofres-medidas.png 800w, https:\/\/pccofres.com.uy\/impacta\/wp-content\/uploads\/2024\/03\/cofres-medidas-242x300.png 242w, https:\/\/pccofres.com.uy\/impacta\/wp-content\/uploads\/2024\/03\/cofres-medidas-768x951.png 768w\" sizes=\"auto, (max-width: 800px) 100vw, 800px\" \/><\/figure>\n<\/div>\n\n\n\n<div class=\"wp-block-column is-vertically-aligned-center is-layout-flow wp-block-column-is-layout-flow\" style=\"flex-basis:66.66%\">\n<figure class=\"wp-block-table alignwide is-style-stripes\"><table><tbody><tr><td><strong>Tipo<\/strong><\/td><td><strong>Medidas<\/strong><\/td><td><strong>Precio<\/strong><\/td><td><strong>Promo<\/strong><\/td><\/tr><tr><td>Cofre 1<\/td><td><sub>10 x 15 x 50 cm<\/sub><\/td><td><sub>U$S 210<\/sub><\/td><td>&nbsp;<\/td><\/tr><tr><td>Cofre 2<\/td><td><sub>10 x 30 x 50 cm<\/sub><\/td><td><sub>U$S 310<\/sub><\/td><td>&nbsp;<\/td><\/tr><tr><td>Cofre 3<\/td><td><sub>20 x 30 x 50 cm<\/sub><\/td><td><sub>U$S 400<\/sub><\/td><td><sup>2 a\u00f1os U$S 680<\/sup><\/td><\/tr><tr><td>Cofre 4<\/td><td><sub>30 x 30 x 50 cm<\/sub><\/td><td><sub>U$S 550<\/sub><\/td><td><sub>2 a\u00f1os U$S 800<\/sub><\/td><\/tr><\/tbody><\/table><figcaption class=\"wp-element-caption\">Precios anuales en D\u00f3lares Americanos IVA inclu\u00eddo.<br>A todos los tama\u00f1os debe sumar un dep\u00f3sito en garant\u00eda de las llaves de U$S 300 reintegrable al momento de la devoluci\u00f3n del cofre.<\/figcaption><\/figure>\n<\/div>\n<\/div>\n\n\n\n<div style=\"height:126px\" aria-hidden=\"true\" id=\"contacto\" class=\"wp-block-spacer\"><\/div>\n\n\n\n<div class=\"wp-block-group is-layout-constrained wp-block-group-is-layout-constrained\">\n<h2 class=\"wp-block-heading alignwide has-text-align-center\">Contactanos<\/h2>\n\n\n\n<div class=\"wp-block-columns is-layout-flex wp-container-core-columns-is-layout-28f84493 wp-block-columns-is-layout-flex\">\n<div class=\"wp-block-column is-vertically-aligned-center is-layout-flow wp-block-column-is-layout-flow\">\n<p class=\"has-text-align-center\"><\/p>\n\n\n\n<div class=\"wpcf7 no-js\" id=\"wpcf7-f161-o1\" lang=\"es-ES\" dir=\"ltr\">\n<div class=\"screen-reader-response\"><p role=\"status\" aria-live=\"polite\" aria-atomic=\"true\"><\/p> <ul><\/ul><\/div>\n<form action=\"\/impacta\/index.php?rest_route=%2Fwp%2Fv2%2Fpages%2F74#wpcf7-f161-o1\" method=\"post\" class=\"wpcf7-form init\" aria-label=\"Formulario de contacto\" novalidate=\"novalidate\" data-status=\"init\">\n<div style=\"display: none;\">\n<input type=\"hidden\" name=\"_wpcf7\" value=\"161\" \/>\n<input type=\"hidden\" name=\"_wpcf7_version\" value=\"5.9.2\" \/>\n<input type=\"hidden\" name=\"_wpcf7_locale\" value=\"es_ES\" \/>\n<input type=\"hidden\" name=\"_wpcf7_unit_tag\" value=\"wpcf7-f161-o1\" \/>\n<input type=\"hidden\" name=\"_wpcf7_container_post\" value=\"0\" \/>\n<input type=\"hidden\" name=\"_wpcf7_posted_data_hash\" value=\"\" \/>\n<input type=\"hidden\" name=\"_wpcf7_recaptcha_response\" value=\"\" \/>\n<\/div>\n<p><label> Nombre<br \/>\n<span class=\"wpcf7-form-control-wrap\" data-name=\"your-name\"><input size=\"40\" class=\"wpcf7-form-control wpcf7-text wpcf7-validates-as-required\" autocomplete=\"name\" aria-required=\"true\" aria-invalid=\"false\" value=\"\" type=\"text\" name=\"your-name\" \/><\/span> <\/label>\n<\/p>\n<p><label> Correo electr\u00f3nico<br \/>\n<span class=\"wpcf7-form-control-wrap\" data-name=\"your-email\"><input size=\"40\" class=\"wpcf7-form-control wpcf7-email wpcf7-validates-as-required wpcf7-text wpcf7-validates-as-email\" autocomplete=\"email\" aria-required=\"true\" aria-invalid=\"false\" value=\"\" type=\"email\" name=\"your-email\" \/><\/span> <\/label>\n<\/p>\n<p><label> Asunto<br \/>\n<span class=\"wpcf7-form-control-wrap\" data-name=\"your-subject\"><input size=\"40\" class=\"wpcf7-form-control wpcf7-text wpcf7-validates-as-required\" aria-required=\"true\" aria-invalid=\"false\" value=\"\" type=\"text\" name=\"your-subject\" \/><\/span> <\/label>\n<\/p>\n<p><label> Tu mensaje (opcional)<br \/>\n<span class=\"wpcf7-form-control-wrap\" data-name=\"your-message\"><textarea cols=\"40\" rows=\"10\" class=\"wpcf7-form-control wpcf7-textarea\" aria-invalid=\"false\" name=\"your-message\"><\/textarea><\/span> <\/label>\n<\/p>\n<p><input class=\"wpcf7-form-control wpcf7-submit has-spinner\" type=\"submit\" value=\"Enviar\" \/>\n<\/p><div class=\"wpcf7-response-output\" aria-hidden=\"true\"><\/div>\n<\/form>\n<\/div>\n\n<\/div>\n<\/div>\n<\/div>\n\n\n<\/p>","protected":false},"excerpt":{"rendered":"<p>Ubicados en un punto estrat\u00e9gico Ubicados estrat\u00e9gicamente dentro del Punta Carretas Shopping, Punta Carretas Cofres Fort ofrece un acceso f\u00e1cil [&hellip;]<\/p>\n","protected":false},"author":1,"featured_media":0,"parent":0,"menu_order":0,"comment_status":"closed","ping_status":"closed","template":"","meta":{"site-sidebar-layout":"default","site-content-layout":"","ast-site-content-layout":"","site-content-style":"default","site-sidebar-style":"default","ast-global-header-display":"","ast-banner-title-visibility":"","ast-main-header-display":"","ast-hfb-above-header-display":"","ast-hfb-below-header-display":"","ast-hfb-mobile-header-display":"","site-post-title":"disabled","ast-breadcrumbs-content":"","ast-featured-img":"","footer-sml-layout":"","theme-transparent-header-meta":"default","adv-header-id-meta":"","stick-header-meta":"","header-above-stick-meta":"","header-main-stick-meta":"","header-below-stick-meta":"","astra-migrate-meta-layouts":"default","ast-page-background-enabled":"default","ast-page-background-meta":{"desktop":{"background-color":"var(--ast-global-color-4)","background-image":"","background-repeat":"repeat","background-position":"center center","background-size":"auto","background-attachment":"scroll","background-type":"","background-media":"","overlay-type":"","overlay-color":"","overlay-gradient":""},"tablet":{"background-color":"","background-image":"","background-repeat":"repeat","background-position":"center center","background-size":"auto","background-attachment":"scroll","background-type":"","background-media":"","overlay-type":"","overlay-color":"","overlay-gradient":""},"mobile":{"background-color":"","background-image":"","background-repeat":"repeat","background-position":"center center","background-size":"auto","background-attachment":"scroll","background-type":"","background-media":"","overlay-type":"","overlay-color":"","overlay-gradient":""}},"ast-content-background-meta":{"desktop":{"background-color":"var(--ast-global-color-5)","background-image":"","background-repeat":"repeat","background-position":"center center","background-size":"auto","background-attachment":"scroll","background-type":"","background-media":"","overlay-type":"","overlay-color":"","overlay-gradient":""},"tablet":{"background-color":"var(--ast-global-color-5)","background-image":"","background-repeat":"repeat","background-position":"center center","background-size":"auto","background-attachment":"scroll","background-type":"","background-media":"","overlay-type":"","overlay-color":"","overlay-gradient":""},"mobile":{"background-color":"var(--ast-global-color-5)","background-image":"","background-repeat":"repeat","background-position":"center center","background-size":"auto","background-attachment":"scroll","background-type":"","background-media":"","overlay-type":"","overlay-color":"","overlay-gradient":""}},"footnotes":""},"class_list":["post-74","page","type-page","status-publish","hentry"],"_links":{"self":[{"href":"https:\/\/pccofres.com.uy\/impacta\/index.php?rest_route=\/wp\/v2\/pages\/74","targetHints":{"allow":["GET"]}}],"collection":[{"href":"https:\/\/pccofres.com.uy\/impacta\/index.php?rest_route=\/wp\/v2\/pages"}],"about":[{"href":"https:\/\/pccofres.com.uy\/impacta\/index.php?rest_route=\/wp\/v2\/types\/page"}],"author":[{"embeddable":true,"href":"https:\/\/pccofres.com.uy\/impacta\/index.php?rest_route=\/wp\/v2\/users\/1"}],"replies":[{"embeddable":true,"href":"https:\/\/pccofres.com.uy\/impacta\/index.php?rest_route=%2Fwp%2Fv2%2Fcomments&post=74"}],"version-history":[{"count":0,"href":"https:\/\/pccofres.com.uy\/impacta\/index.php?rest_route=\/wp\/v2\/pages\/74\/revisions"}],"wp:attachment":[{"href":"https:\/\/pccofres.com.uy\/impacta\/index.php?rest_route=%2Fwp%2Fv2%2Fmedia&parent=74"}],"curies":[{"name":"wp","href":"https:\/\/api.w.org\/{rel}","templated":true}]}}